/(0 - 1) + 0. List the prime factors of (-95)/(-5) + (0 - c).
2, 5
Let i = 1426 + -781. List the prime factors of i.
3, 5, 43
Let j(h) = -h**3 - 17*h**2 + 7*h - 4. List the prime factors of j(-18).
2, 97
List the prime factors of 6622/21*(-15)/(-10).
11, 43
What are the prime factors of 7/(84/3) - 13807/(-4)?
2, 863
Suppose 3*z - 11 = -4*n + 5, 0 = -5*z + 3*n + 75. List the prime factors of z.
2, 3
Suppose 4*g = -g - 5*a + 150, 5*g - 150 = 3*a. Let k be (g/(-9))/(4/6). Let o(x) = x + 17. What are the prime factors of o(k)?
2, 3
Let t(l) = 4*l - 8. Let k(i) = i. Let b(q) = 3*k(q) - t(q). Let z be b(4). Suppose 0 = 3*m - m, -2*g = -m - z. List the prime factors of g.
2
Let i(u) = -u**2 - 5*u + 3. Let l be i(-2). Suppose -97 = l*y - 637. What are the prime factors of y?
2, 3, 5
Let t(s) = 118*s**2 - 3*s + 1. List the prime factors of t(-1).
2, 61
Suppose -a - 1 = -2*a. Let s(x) be the third derivative of 11*x**4/24 - x**3/6 - 3*x**2. List the prime factors of s(a).
2, 5
Suppose 126495 = 32*v + 15679. List the prime factors of v.
3463
Suppose 0 = 4*h - h - 6. Suppose h*t - 57 = 97. What are the prime factors of t?
7, 11
Suppose 3*k + 0*m - 243 = 3*m, -3*k + m = -237. Let a be k/(4 + (-10)/4). Suppose 8*v - 3*v - n = 51, -2*n - a = -5*v. What are the prime factors of v?
2, 5
Let h = 20 + -5. Let k = h - 9. Let j = 10 - k. List the prime factors of j.
2
Suppose v = -2*m + 562, -7*m + 2840 = 5*v - 3*m. What are the prime factors of v?
2, 11, 13
Let g(z) = -11*z - 6. Let u be g(-2). Let k(m) = m**2 - 18*m + 35. What are the prime factors of k(u)?
3
Suppose -7*o = -21 - 259. What are the prime factors of o?
2, 5
Let g(a) = -36*a**3 - 1. Let i be g(-1). Suppose -4*w - i = -19. What are the prime factors of 39 + (0 - w) - -2?
3, 5
Suppose -260 = -w + i, i - 6*i + 15 = 0. Suppose -y = 5*l - w, -y - 57 = -l + y. What are the prime factors of l?
53
List the prime factors of ((-1294)/(-2))/(-29 + 30).
647
Let l = 9289 - 4961. What are the prime factors of l?
2, 541
Let o be (7 - 0)*(-14)/(-49). Suppose 2*h - h - 18 = 3*v, -o*v = 10. List the prime factors of 9/h + -1 - -19.
3, 7
Suppose 2*t = 63*s - 60*s - 4110, 0 = -5*s + 3*t + 6849. What are the prime factors of s?
2, 3, 19
Let v be (-40)/(-60) - (-2534)/6. Suppose -n - 4 = 0, 3*b - 4*n = -7*n + v. What are the prime factors of b?
5, 29
Suppose -22788 = -8*j + 11724. What are the prime factors of j?
2, 3, 719
Let t(w) = 10*w**2 + 29*w - 171. What are the prime factors of t(17)?
2, 11, 73
Suppose 3*m + 4*w = 4087, 5*m + 586 = -w + 7375. Suppose 253 = -6*t + m. What are the prime factors of t?
2, 23
Let h be ((-31)/3)/(1/(-6)). Let l = 150 - h. What are the prime factors of l?
2, 11
Let h = -3 + 23. Suppose -4*n + 8 - h = 0. What are the prime factors of (-2)/n + (-944)/(-24)?
2, 5
Let g(p) = -7*p - 5 + 4*p + 0*p - 3*p**2 + 4*p**2. Let m be g(4). What are the prime factors of (0 + -2)/m - -33?
5, 7
Let f = -81 + 101. List the prime factors of 50*(-5)/(f/(-6)).
3, 5
Suppose 0 = -y + 4*y - 228. Suppose y = 2*i + 2*i. Suppose 3*b - i = 20. List the prime factors of b.
13
Suppose 21*p - 900 = 6*p. List the prime factors of p.
2, 3, 5
Let o(a) = a**2 + 9*a + 2. Let r be o(-7). Let g = 246 + -56. List the prime factors of (-2)/r + g/12.
2
What are the prime factors of ((-4)/(-6))/((-14)/(-16485))?
5, 157
Let h = 181 - 123. Suppose -3*z + h = -47. List the prime factors of z.
5, 7
Let j = -118 + 828. What are the prime factors of j?
2, 5, 71
Suppose 2*u + h - 26 = 0, -3*u = -2*h - 14 - 18. Let y be (18/u)/(1/4). Suppose 9 = z - y. List the prime factors of z.
3, 5
Let u be 0*(-1)/(-6)*3/(-9). Suppose u = -41*h + 42*h - 131. What are the prime factors of h?
131
What are the prime factors of 40/(-160) + 9618/8?
2, 601
What are the prime factors of (-11 + -3006)/(-10 + 9)?
7, 431
Let p = -347 + 389. List the prime factors of p.
2, 3, 7
Suppose 3 = -6*r - 9. Let u(z) = -9*z**3 - 1. List the prime factors of u(r).
71
Let v = -117 - -61. Let x be 1 + v - (5 - 8). List the prime factors of (-1240)/x - 4/(-26).
2, 3
Let t = 449 + 34. List the prime factors of t.
3, 7, 23
Let d be 2 + 1/(4/(-8)). Suppose d = -h - 3*a + 7, h + 2*a = -h + 30. List the prime factors of -1*(-1 + (1 - h)).
19
Suppose -2*u - 14 = 4*l, 4*u = -0*l + 2*l - 18. What are the prime factors of (u + -99)*(0 - 2/4)?
2, 13
Let r(n) = n + 1. Let l(s) = -29*s - 3. Let g(a) = l(a) + r(a). What are the prime factors of g(-4)?
2, 5, 11
Let o(y) = 13*y**2 + 1. Suppose h = -4*h - 5*i + 15, 0 = 5*h - 5*i - 5. Suppose -5 = -3*j + 4*l, h*l = j - 3*l - 9. What are the prime factors of o(j)?
2, 7
Let x(a) = a**3 + 12*a**2 + 15*a - 1. Let k be x(-11). Let j = k - -86. What are the prime factors of j?
41
Suppose a - 2*z + 78 = -0*a, -3*z = -4*a - 327. List the prime factors of (a/(-15))/((-11)/(-10) - 1).
2, 7
Let x = -51 - -59. What are the prime factors of 20/x*((-1 - -37) + 2)?
5, 19
Let v be 16/2 + -1 + 0. Suppose -4*i - 2 = -4*h + 62, 2*i + 13 = h. Suppose 0 = 2*g + v - h. What are the prime factors of g?
2, 3
Suppose o + 20 = 3*c, 0*o = 5*c - 3*o - 36. Let k be c/(-8)*24/(-6). Suppose -k*j + 32 + 13 = 0. What are the prime factors of j?
3, 5
Let s = 851 - 380. What are the prime factors of s?
3, 157
Suppose 2*p = 2*c + 1118, 5*c = p - 324 - 247. List the prime factors of p.
2, 139
Suppose -14580 = -7*t - 13*t. List the prime factors of t.
3
Let p = 5840 + -3128. What are the prime factors of p?
2, 3, 113
Let a = 20 - 15. Suppose 3*z = -4*u + 24 - 4, -a*z = u - 5. Suppose 5*j - j + 2*f - 104 = z, -f = 0. What are the prime factors of j?
2, 13
Let i = 9 + -7. Suppose 134 = 2*g - o, g = 4*o + 69 - i. List the prime factors of g.
67
Let u(c) = -c**2 - 4*c + 21. Let z(l) = -3*l**2 - 8*l + 41. Let j(b) = 5*u(b) - 2*z(b). List the prime factors of j(10).
83
Suppose -3*j + 5493 = -z, 5*j - 9*z - 9138 = -13*z. List the prime factors of j.
2, 3, 5, 61
What are the prime factors of 2/((-3)/(-9594)*3)?
2, 13, 41
Let j = 382 + -238. List the prime factors of j.
2, 3
Suppose 2*o + 10 = -3*o, -4*x = -3*o - 38. Suppose x*d - 5*c = 3*d + 1005, 9 = -3*c. What are the prime factors of d?
2, 3, 11
Let y(l) be the first derivative of -l**2/2 - l - 1. Let n be y(-5). Suppose -3*o + n*o = 22. What are the prime factors of o?
2, 11
Let g(b) = -5*b + 7. Let i(n) = n. Let a(h) = -g(h) - 4*i(h). Let j be a(9). Suppose -4 = -j*o + 26. What are the prime factors of o?
3, 5
List the prime factors of -1*((-6)/(-3) - 476).
2, 3, 79
Let c = -20 - 59. Let x = c - -145. What are the prime factors of x?
2, 3, 11
Suppose -10 = -0*r - 3*r - z, -6 = -5*r + z. Suppose r*n - 3*n + 58 = 0. List the prime factors of n.
2, 29
Let o(u) = 12*u**2 - 12*u + 20. What are the prime factors of o(-15)?
2, 5, 29
Suppose -126*j + 1258 = -124*j. What are the prime factors of j?
17, 37
Let a = -28 + 19. Let i(h) = -21*h - 16. List the prime factors of i(a).
173
Let f = 1398 - 722. List the prime factors of f.
2, 13
Let s(n) = -n + 28. Let u = -21 - -7. What are the prime factors of s(u)?
2, 3, 7
Suppose -4*f + 93 + 153 = s, -3*f = 5*s - 1179. List the prime factors of s.
2, 3, 13
Let y = -2416 + 3079. List the prime factors of y.
3, 13, 17
Let g(r) = -101*r + 7. Let i be g(2). What are the prime factors of (i - -1)/(-12 - -10) + 4?
101
Suppose y - v - 750 = 0, 5*v + 1506 = -33*y + 35*y. List the prime factors of y.
2, 11, 17
Let k = 10 + -8. Suppose -v - 48 = k*t, 2*v - 4*t + 96 = -0*v. What are the prime factors of (-8)/v - 17/(-6)?
3
Let h(q) be the second derivative of 8*q - 1/3*q**4 + 0 + 1/6*q**3 - 1/20*q**5 + 1/2*q**2. List the prime factors of h(-5).
3, 7
Let y be (24/(-14) - -2) + (-1760)/(-14). What are the prime factors of -1*3 - y/(-1 + -6)?
3, 5
Suppose 144 = s - 0*s. Suppose 4*m + s = m. What are the prime factors of m/(-20) - 8/20?
2
Let g = 8 + -8. List the prime factors of (-1)/((-4)/8) + g.
2
List the prime factors of -9 + 12 - (-184 + -1).
2, 47
Let z = 3168 - 1964. Suppose 8*h - z + 324 = 0. List the prime factors of h.
2, 5, 11
Suppose -y - 39 = -2*y - 4*m, -2*m + 72 = 2*y. Suppose 213 = 4*x - y. What are the prime factors of x?
2, 31
Let w(n) = 77*n**2 + 11*n - 34. What are the prime factors of w(-7)?
2, 1831
Let u = 3737 - 2072. What are the prime factors of u?
3, 5, 37
Suppose 4*s = 9 + 11. 